5
Let h = -285 + 171. Let t = -110 - h. Suppose 0*q + 3*w = -2*q + 249, -t*w = -q + 141. What is the hundreds digit of q?
1
What is the thousands digit of 3/(-2)*249235/30*-4?
9
Suppose -659*l + 1714 = -660*l. Let a = l + 2417. What is the tens digit of a?
0
What is the units digit of (-4 + 1)/((-33)/102487)?
7
Let l = 15779 - 6143. What is the thousands digit of l?
9
Let a be -2 - -15*(4 - 1). Suppose -5*h = -a - 182. Suppose h = -4*b + 177. What is the tens digit of b?
3
Suppose 3*t - 4 - 13 = -4*d, 0 = -4*t - d + 27. Suppose 6*c - t*c + 105 = 4*r, 2*c - r - 192 = 0. What is the tens digit of c?
9
Let n be (-1)/((-21)/(-6)) - (-37)/7. Suppose -4*p + 495 = n*w, 3*w + 62 = -5*p + 359. Let y = w - 5. What is the units digit of y?
4
Let p = 6158 + 4624. What is the thousands digit of p?
0
Suppose -19*d - 33841 + 102507 = 0. What is the units digit of d?
4
Let i = -101 - -92. Let p(l) = -1. Let c(y) = 12*y + 39. Let b(v) = -c(v) - 6*p(v). What is the tens digit of b(i)?
7
Suppose -711 + 1191 = 32*h. Let p(i) = 65*i**2 + 4*i - 4. Let w be p(3). Suppose 4*s = -m + w, 0*m = 3*m - h. What is the hundreds digit of s?
1
Suppose 12*n - 24380 - 98236 = 0. What is the units digit of n?
8
Let k = 458 + -264. Let b = k - -81. What is the hundreds digit of b?
2
Let t = -6063 - -37344. What is the hundreds digit of t?
2
Let q = 5 + 15. Suppose 0 = 15*p - q*p + 115. What is the units digit of p?
3
Suppose 492 = 4*k - 3*b, 622 = 21*k - 16*k - 2*b. Suppose -32*u = -25*u - k. Suppose u*s - 17*s = 66. What is the tens digit of s?
6
Suppose 4*p = -2*g - 0*p + 30, 0 = -2*g - 5*p + 35. Suppose 4*h = 3*q + 3961, 5*h = g*q + 114 + 4831. What is the tens digit of h?
9
Let a = 19874 - 13992. What is the units digit of a?
2
Suppose -9*h + 4*h = 30. Let x be (-3)/(-9) - 34/h. Suppose 4*y + x = 26, 65 = c + 5*y. What is the tens digit of c?
4
Let o(u) = 22984*u**2 + 34*u - 4. What is the tens digit of o(1)?
1
Let p(o) = 2*o**2 + 12*o + 3. Suppose -5*l - 15 = -0*l, 0 = 3*b - 5*l + 3. Let k be p(b). Suppose k*w = 3*s, 5*w - 6 + 3 = 4*s. What is the units digit of w?
3
What is the tens digit of (-5518 + -1)*(3 + 0 + -4)?
1
Let m(b) = -b**3 - 11*b**2 - 14*b + 31. Let d be m(-9). What is the units digit of (8 + (d - -1) - 3) + 206?
7
Let g = -455 + 460. Let s(t) be the second derivative of t**5/20 - t**4/4 - 5*t**3/6 - 2*t. What is the units digit of s(g)?
5
Suppose i + 5*m = -0*m + 394, -2*i + 5*m = -788. Let p = i - -101. What is the tens digit of p?
9
Let v = -1174 - -1782. Suppose 3*s + 4*o = 299 + v, -o = -2*s + 601. Let g = s - 135. What is the hundreds digit of g?
1
Let u be 0*(21/(-27) - (-2)/(-9)). Suppose -2*k = -u*k - 8. Suppose k*o - 321 = o. What is the hundreds digit of o?
1
Suppose -25*w + 7 = -68. Suppose -5*c + 5052 = w*j + 1667, -5*c = 5*j - 3385. What is the tens digit of c?
7
Let g = 159 + 841. Suppose 9390 = -0*d + 3*d. Suppose 0 = 10*m - d + g. What is the units digit of m?
3
Let g(y) = -y + 4. Let u be g(-2). Suppose -2*z - 2*w + 7 = -1, -4*z + w = -u. Suppose d + 4*d + 61 = m, 107 = z*m - 5*d. What is the tens digit of m?
4
What is the units digit of (-1084060)/(-20) - -17 - -6?
6
Suppose 5*a = 5*g - 6915, -2*g - 5*a = -4*g + 2775. Suppose -6*p + 2136 = -g. What is the hundreds digit of p?
5
Let s be ((-288)/(-2))/4 + (-5 - -1). Suppose -s*g = -7060 - 4748. What is the tens digit of g?
6
Suppose -89843 = -8*w + 533501. What is the hundreds digit of w?
9
Let w(j) = -147*j**3 + 8*j**2 + 8*j + 26. What is the units digit of w(-5)?
1
Let k(i) = -i**2 + 11*i - 22. Let m be k(8). Suppose 97 = m*t - 631. What is the hundreds digit of t?
3
Let a = -31472 + 45611. What is the tens digit of a?
3
Let h = -97 + 97. Suppose 2*u - 34 = -h*u. Let s = u - -1. What is the units digit of s?
8
Let d = -1254 + 677. Let z = 336 + d. Let y = z + 338. What is the units digit of y?
7
Suppose 503702 + 1142410 = 96*d. What is the units digit of d?
7
What is the units digit of -21 - -7 - (-9238 - 12)?
6
Let t(x) = -x**3 + 18*x**2 - 18*x + 31. Let l be t(15). Let p = -309 + l. What is the tens digit of p?
2
Suppose 3*u = 6*u - 2*a - 3074, a = 2*u - 2049. Let g = u + -557. What is the tens digit of g?
6
Suppose 6*c - 1906 = 1838. Let l = 294 + c. What is the units digit of l?
8
Suppose 7554 = -19*s + 448. Let o = 1156 + s. What is the units digit of o?
2
Suppose -2*f + s + 75 = -86, f - 5*s - 58 = 0. Suppose -z - p + f = 0, -z + 178 = z - p. Let q = z - 22. What is the units digit of q?
5
Let d(q) be the third derivative of 4*q**5/15 + 19*q**4/24 + 9*q**3/2 + 23*q**2 - 4*q. What is the units digit of d(-12)?
3
Let u = -60986 + 101065. What is the hundreds digit of u?
0
Suppose 49*o - 67*o = -108. What is the units digit of (o - (-92)/(-8))/(2/(-132))?
3
Suppose -7*z = -22*z + 75. Suppose 8*l + 777 = z*l. Let f = l + 459. What is the units digit of f?
0
Suppose -m = 4, 0 = 4*f - 4*m - 184 - 288. Let g = f + -51. Suppose -g = a - 170. What is the tens digit of a?
0
Let t(q) = -1917*q + 8103. What is the tens digit of t(-7)?
2
Let b(t) = -t**3 - 18*t**2 - 32*t. Let c be b(-16). Suppose 6*o - 1173 - 213 = c. What is the tens digit of o?
3
Let j = -328 - -650. Suppose 0 = 4*d - 2*s - j, -s - 2*s - 83 = -d. What is the tens digit of d?
8
Let v = -285 - -287. Suppose -2*o = 2*o, 0 = v*p - 2*o - 104. What is the tens digit of p?
5
What is the units digit of ((-10904)/(-232))/((-2)/(-298))?
3
Suppose -5*z - 5235 = -m + 1138, 0 = 2*m + 4. What is the units digit of 1/3*-15 - z?
0
Suppose -461 = -5*c + 454. Let l(y) = 7*y - 171 + 4*y**2 - 2*y**2 + c - 19*y. What is the tens digit of l(7)?
2
Let d(r) = -r**2 - r - 4. Let h be d(0). Let a be h/2 - (-4 + -1). Suppose -190 = -a*m - o, m + 2*o = -m + 120. What is the units digit of m?
5
Let f(h) = h**3 - 13*h**2 + 23*h + 1. Let x be f(11). Suppose x*v - 376 = 16*v. Let s = v - -183. What is the tens digit of s?
8
Let j be (-4)/(32/(-388072)) + 4 + -1. Suppose -17*s + j = 15*s. What is the units digit of s?
6
Let q be -2 - -1112 - (1/1 + -3). Let p be q/18 - (-8)/36. Let y = 69 - p. What is the units digit of y?
7
Let u = -17991 - -24860. What is the tens digit of u?
6
Let y = -1310 + 2517. What is the hundreds digit of y?
2
Let q(f) = 2*f**3 + 4*f**2 - 8*f - 16. What is the hundreds digit of q(13)?
9
Suppose 4*i + 991 = s, 3*s - 3904 = -s + i. Let c = -676 + s. What is the hundreds digit of c?
2
Let x be (-39582)/135 - 1/((-5)/(-4)). Let d = 310 + x. What is the units digit of d?
6
Suppose -2*q - 13 = -t - 5*q, -5*t = 5*q - 15. Let x(s) be the third derivative of 19*s**5/60 + s**4/8 + 2*s**3/3 + 12*s**2. What is the units digit of x(t)?
4
Suppose 20*j - 115698 - 131142 = 0. What is the tens digit of j?
4
What is the units digit of (102/68)/(1 - 5229/5230)?
5
Let f(p) = 0*p**2 - p**2 + 7 + 7 - p - 5. Let b be f(0). Suppose b*n = n + 248. What is the tens digit of n?
3
Suppose -3*y = -0*n - 3*n - 15, 7 = 2*y - 5*n. What is the hundreds digit of (-23)/(-69) - ((-2632)/y - 0)?
4
Let h = -124 - -121. Let l(q) = -181*q - 13. What is the tens digit of l(h)?
3
Suppose -742*p + 763323 = -709*p. What is the hundreds digit of p?
1
Let b(v) be the second derivative of -v**4/12 + 19*v**3/6 - 9*v**2/2 - 9*v. Let x be b(18). Let l(c) = 4*c**2 - 16*c - 7. What is the tens digit of l(x)?
7
Suppose -5*v + 4*u + 315771 = 0, -31899 - 31252 = -v + 4*u. What is the units digit of v?
5
What is the thousands digit of (1 - -3) + (-67 - -16530)?
6
What is the tens digit of 10/12*3*2742?
5
Let a(u) = -u**2 + 11*u - 21. Let g be a(9). Let m be 560/6 + (1/g - 0). Suppose 74 = 5*p - 3*f - 121, -3*p + m = 3*f. What is the tens digit of p?
3
Let g(q) = -52*q - 14. Let s be g(-1). Suppose s*u - 259 - 33219 = 0. What is the tens digit of u?
8
Let r(q) = q**2 + 3*q - 56. Let o be r(-12). Suppose 75*f = o*f + 20263. What is the hundreds digit of f?
8
Let u(l) = 10*l**2 - l + 9. Let g be u(5). Let w = -42 + g. Let q = -131 + w. What is the tens digit of q?
8
Let m(u) = 3*u - 24. Let j be m(-13). Let c = 72 + j. Suppose 18 = c*i - 45. What is the units digit of i?
7
Let z(v) = -9*v + 157. Let l be z(17). Suppose -4*x + l*u = -48, 0 = x + 8*u - 6*u. What is the units digit of x?
8
Suppose 4*n = -q - q - 260, 2*q + 246 = 3*n. Let w be (-2299)/11 + 24/(-8). Let p = q - w. What is the 